{"id":9,"date":"2022-02-02T13:39:40","date_gmt":"2022-02-02T16:39:40","guid":{"rendered":"https:\/\/www.sagaconstrucao.com.br\/blog\/?page_id=9"},"modified":"2022-02-02T14:21:32","modified_gmt":"2022-02-02T17:21:32","slug":"blog","status":"publish","type":"page","link":"https:\/\/www.sagaconstrucao.com.br\/blog\/","title":{"rendered":"Blog"},"content":{"rendered":"\t\t<div data-elementor-type=\"wp-page\" data-elementor-id=\"9\" class=\"elementor elementor-9\" data-elementor-settings=\"[]\">\n\t\t\t\t\t\t\t<div class=\"elementor-section-wrap\">\n\t\t\t\t\t\t\t<section class=\"elementor-section elementor-top-section elementor-element elementor-element-d733e88 elementor-section-boxed elementor-section-height-default elementor-section-height-default\" data-id=\"d733e88\" data-element_type=\"section\">\n\t\t\t\t\t\t<div class=\"elementor-container elementor-column-gap-default\">\n\t\t\t\t\t<div class=\"elementor-column elementor-col-100 elementor-top-column elementor-element elementor-element-3d8e043\" data-id=\"3d8e043\" data-element_type=\"column\">\n\t\t\t<div class=\"elementor-widget-wrap elementor-element-populated\">\n\t\t\t\t\t\t\t\t<div class=\"elementor-element elementor-element-68caa26 elementor-grid-2 elementor-grid-tablet-2 elementor-grid-mobile-1 elementor-posts--thumbnail-top elementor-card-shadow-yes elementor-posts__hover-gradient elementor-widget elementor-widget-posts\" data-id=\"68caa26\" data-element_type=\"widget\" data-settings=\"{&quot;cards_columns&quot;:&quot;2&quot;,&quot;pagination_type&quot;:&quot;numbers_and_prev_next&quot;,&quot;cards_columns_tablet&quot;:&quot;2&quot;,&quot;cards_columns_mobile&quot;:&quot;1&quot;,&quot;cards_row_gap&quot;:{&quot;unit&quot;:&quot;px&quot;,&quot;size&quot;:35,&quot;sizes&quot;:[]},&quot;cards_row_gap_tablet&quot;:{&quot;unit&quot;:&quot;px&quot;,&quot;size&quot;:&quot;&quot;,&quot;sizes&quot;:[]},&quot;cards_row_gap_mobile&quot;:{&quot;unit&quot;:&quot;px&quot;,&quot;size&quot;:&quot;&quot;,&quot;sizes&quot;:[]}}\" data-widget_type=\"posts.cards\">\n\t\t\t\t<div class=\"elementor-widget-container\">\n\t\t\t<link rel=\"stylesheet\" href=\"https:\/\/www.sagaconstrucao.com.br\/blog\/wp-content\/plugins\/elementor-pro\/assets\/css\/widget-posts.min.css\">\t\t<div class=\"elementor-posts-container elementor-posts elementor-posts--skin-cards elementor-grid\">\n\t\t\t\t<article class=\"elementor-post elementor-grid-item post-157 post type-post status-publish format-standard has-post-thumbnail hentry category-sem-categoria tag-construcao tag-construcaocivil tag-engenharia tag-obra tag-reformas\">\n\t\t\t<div class=\"elementor-post__card\">\n\t\t\t\t<a class=\"elementor-post__thumbnail__link\" href=\"https:\/\/www.sagaconstrucao.com.br\/blog\/tendencias-da-construcao-civil-para-2024\/\" ><div class=\"elementor-post__thumbnail\"><img loading=\"lazy\" decoding=\"async\" width=\"300\" height=\"119\" src=\"https:\/\/www.sagaconstrucao.com.br\/blog\/wp-content\/uploads\/2024\/01\/AdobeStock_623946084-300x119.jpeg\" class=\"attachment-medium size-medium\" alt=\"\" srcset=\"https:\/\/www.sagaconstrucao.com.br\/blog\/wp-content\/uploads\/2024\/01\/AdobeStock_623946084-300x119.jpeg 300w, https:\/\/www.sagaconstrucao.com.br\/blog\/wp-content\/uploads\/2024\/01\/AdobeStock_623946084-1024x408.jpeg 1024w, https:\/\/www.sagaconstrucao.com.br\/blog\/wp-content\/uploads\/2024\/01\/AdobeStock_623946084-768x306.jpeg 768w, https:\/\/www.sagaconstrucao.com.br\/blog\/wp-content\/uploads\/2024\/01\/AdobeStock_623946084-1536x611.jpeg 1536w, https:\/\/www.sagaconstrucao.com.br\/blog\/wp-content\/uploads\/2024\/01\/AdobeStock_623946084-2048x815.jpeg 2048w\" sizes=\"auto, (max-width: 300px) 100vw, 300px\" \/><\/div><\/a>\n\t\t\t\t<div class=\"elementor-post__text\">\n\t\t\t\t<h3 class=\"elementor-post__title\">\n\t\t\t<a href=\"https:\/\/www.sagaconstrucao.com.br\/blog\/tendencias-da-construcao-civil-para-2024\/\" >\n\t\t\t\tTend\u00eancias da Constru\u00e7\u00e3o Civil para 2024\t\t\t<\/a>\n\t\t<\/h3>\n\t\t\t\t<div class=\"elementor-post__excerpt\">\n\t\t\t<p>A ind\u00fastria da constru\u00e7\u00e3o civil est\u00e1 em constante evolu\u00e7\u00e3o e, \u00e0 medida que nos aproximamos de 2024, podemos esperar algumas tend\u00eancias que moldar\u00e3o o futuro<\/p>\n\t\t<\/div>\n\t\t\t\t\t<a class=\"elementor-post__read-more\" href=\"https:\/\/www.sagaconstrucao.com.br\/blog\/tendencias-da-construcao-civil-para-2024\/\" >\n\t\t\t\tLeia Mais \u00bb\t\t\t<\/a>\n\t\t\t\t<\/div>\n\t\t\t\t<div class=\"elementor-post__meta-data\">\n\t\t\t\t\t<span class=\"elementor-post-date\">\n\t\t\t4 de janeiro de 2024\t\t<\/span>\n\t\t\t\t<\/div>\n\t\t\t\t\t<\/div>\n\t\t<\/article>\n\t\t\t\t<article class=\"elementor-post elementor-grid-item post-151 post type-post status-publish format-standard has-post-thumbnail hentry category-sem-categoria\">\n\t\t\t<div class=\"elementor-post__card\">\n\t\t\t\t<a class=\"elementor-post__thumbnail__link\" href=\"https:\/\/www.sagaconstrucao.com.br\/blog\/saiba-o-que-e-uma-eta-e-como-ela-funciona\/\" ><div class=\"elementor-post__thumbnail\"><img loading=\"lazy\" decoding=\"async\" width=\"300\" height=\"200\" src=\"https:\/\/www.sagaconstrucao.com.br\/blog\/wp-content\/uploads\/2023\/11\/AdobeStock_582737296-300x200.jpeg\" class=\"attachment-medium size-medium\" alt=\"\" srcset=\"https:\/\/www.sagaconstrucao.com.br\/blog\/wp-content\/uploads\/2023\/11\/AdobeStock_582737296-300x200.jpeg 300w, https:\/\/www.sagaconstrucao.com.br\/blog\/wp-content\/uploads\/2023\/11\/AdobeStock_582737296-1024x683.jpeg 1024w, https:\/\/www.sagaconstrucao.com.br\/blog\/wp-content\/uploads\/2023\/11\/AdobeStock_582737296-768x512.jpeg 768w, https:\/\/www.sagaconstrucao.com.br\/blog\/wp-content\/uploads\/2023\/11\/AdobeStock_582737296-1536x1024.jpeg 1536w, https:\/\/www.sagaconstrucao.com.br\/blog\/wp-content\/uploads\/2023\/11\/AdobeStock_582737296-2048x1365.jpeg 2048w\" sizes=\"auto, (max-width: 300px) 100vw, 300px\" \/><\/div><\/a>\n\t\t\t\t<div class=\"elementor-post__text\">\n\t\t\t\t<h3 class=\"elementor-post__title\">\n\t\t\t<a href=\"https:\/\/www.sagaconstrucao.com.br\/blog\/saiba-o-que-e-uma-eta-e-como-ela-funciona\/\" >\n\t\t\t\tSaiba o que \u00e9 uma ETA e como ela funciona\t\t\t<\/a>\n\t\t<\/h3>\n\t\t\t\t<div class=\"elementor-post__excerpt\">\n\t\t\t<p>Voc\u00ea j\u00e1 parou para pensar em como a \u00e1gua que consumimos todos os dias chega at\u00e9 n\u00f3s de forma segura e pot\u00e1vel? \u00c9 a\u00ed que<\/p>\n\t\t<\/div>\n\t\t\t\t\t<a class=\"elementor-post__read-more\" href=\"https:\/\/www.sagaconstrucao.com.br\/blog\/saiba-o-que-e-uma-eta-e-como-ela-funciona\/\" >\n\t\t\t\tLeia Mais \u00bb\t\t\t<\/a>\n\t\t\t\t<\/div>\n\t\t\t\t<div class=\"elementor-post__meta-data\">\n\t\t\t\t\t<span class=\"elementor-post-date\">\n\t\t\t28 de novembro de 2023\t\t<\/span>\n\t\t\t\t<\/div>\n\t\t\t\t\t<\/div>\n\t\t<\/article>\n\t\t\t\t<article class=\"elementor-post elementor-grid-item post-147 post type-post status-publish format-standard has-post-thumbnail hentry category-sem-categoria\">\n\t\t\t<div class=\"elementor-post__card\">\n\t\t\t\t<a class=\"elementor-post__thumbnail__link\" href=\"https:\/\/www.sagaconstrucao.com.br\/blog\/george-w-ferris-engenheiro-responsavel-por-construir-a-primeira-roda-gigante-do-mundo\/\" ><div class=\"elementor-post__thumbnail\"><img loading=\"lazy\" decoding=\"async\" width=\"300\" height=\"138\" src=\"https:\/\/www.sagaconstrucao.com.br\/blog\/wp-content\/uploads\/2023\/10\/grande-roue-de-paris-construida-na-exposicao-mundial-de-1900-e-demolida-em-1920-1645551782860_v2_1170x540-300x138.jpg\" class=\"attachment-medium size-medium\" alt=\"\" srcset=\"https:\/\/www.sagaconstrucao.com.br\/blog\/wp-content\/uploads\/2023\/10\/grande-roue-de-paris-construida-na-exposicao-mundial-de-1900-e-demolida-em-1920-1645551782860_v2_1170x540-300x138.jpg 300w, https:\/\/www.sagaconstrucao.com.br\/blog\/wp-content\/uploads\/2023\/10\/grande-roue-de-paris-construida-na-exposicao-mundial-de-1900-e-demolida-em-1920-1645551782860_v2_1170x540-1024x473.jpg 1024w, https:\/\/www.sagaconstrucao.com.br\/blog\/wp-content\/uploads\/2023\/10\/grande-roue-de-paris-construida-na-exposicao-mundial-de-1900-e-demolida-em-1920-1645551782860_v2_1170x540-768x354.jpg 768w, https:\/\/www.sagaconstrucao.com.br\/blog\/wp-content\/uploads\/2023\/10\/grande-roue-de-paris-construida-na-exposicao-mundial-de-1900-e-demolida-em-1920-1645551782860_v2_1170x540.jpg 1170w\" sizes=\"auto, (max-width: 300px) 100vw, 300px\" \/><\/div><\/a>\n\t\t\t\t<div class=\"elementor-post__text\">\n\t\t\t\t<h3 class=\"elementor-post__title\">\n\t\t\t<a href=\"https:\/\/www.sagaconstrucao.com.br\/blog\/george-w-ferris-engenheiro-responsavel-por-construir-a-primeira-roda-gigante-do-mundo\/\" >\n\t\t\t\tGeorge W. Ferris: Engenheiro respons\u00e1vel por construir a primeira roda-gigante do mundo\t\t\t<\/a>\n\t\t<\/h3>\n\t\t\t\t<div class=\"elementor-post__excerpt\">\n\t\t\t<p>A roda-gigante \u00e9 uma das atra\u00e7\u00f5es mais ic\u00f4nicas e populares em parques de divers\u00f5es ao redor do mundo. Sua impon\u00eancia e beleza atraem milh\u00f5es de<\/p>\n\t\t<\/div>\n\t\t\t\t\t<a class=\"elementor-post__read-more\" href=\"https:\/\/www.sagaconstrucao.com.br\/blog\/george-w-ferris-engenheiro-responsavel-por-construir-a-primeira-roda-gigante-do-mundo\/\" >\n\t\t\t\tLeia Mais \u00bb\t\t\t<\/a>\n\t\t\t\t<\/div>\n\t\t\t\t<div class=\"elementor-post__meta-data\">\n\t\t\t\t\t<span class=\"elementor-post-date\">\n\t\t\t2 de outubro de 2023\t\t<\/span>\n\t\t\t\t<\/div>\n\t\t\t\t\t<\/div>\n\t\t<\/article>\n\t\t\t\t<article class=\"elementor-post elementor-grid-item post-143 post type-post status-publish format-standard has-post-thumbnail hentry category-sem-categoria\">\n\t\t\t<div class=\"elementor-post__card\">\n\t\t\t\t<a class=\"elementor-post__thumbnail__link\" href=\"https:\/\/www.sagaconstrucao.com.br\/blog\/one-residencial-fundacao-complexa-e-lajes-protendidas-marcam-o-edificio-mais-alto-de-fortaleza\/\" ><div class=\"elementor-post__thumbnail\"><img loading=\"lazy\" decoding=\"async\" width=\"300\" height=\"150\" src=\"https:\/\/www.sagaconstrucao.com.br\/blog\/wp-content\/uploads\/2023\/09\/image-300x150.png\" class=\"attachment-medium size-medium\" alt=\"\" srcset=\"https:\/\/www.sagaconstrucao.com.br\/blog\/wp-content\/uploads\/2023\/09\/image-300x150.png 300w, https:\/\/www.sagaconstrucao.com.br\/blog\/wp-content\/uploads\/2023\/09\/image-1024x512.png 1024w, https:\/\/www.sagaconstrucao.com.br\/blog\/wp-content\/uploads\/2023\/09\/image-768x384.png 768w, https:\/\/www.sagaconstrucao.com.br\/blog\/wp-content\/uploads\/2023\/09\/image-1536x768.png 1536w, https:\/\/www.sagaconstrucao.com.br\/blog\/wp-content\/uploads\/2023\/09\/image-2048x1024.png 2048w\" sizes=\"auto, (max-width: 300px) 100vw, 300px\" \/><\/div><\/a>\n\t\t\t\t<div class=\"elementor-post__text\">\n\t\t\t\t<h3 class=\"elementor-post__title\">\n\t\t\t<a href=\"https:\/\/www.sagaconstrucao.com.br\/blog\/one-residencial-fundacao-complexa-e-lajes-protendidas-marcam-o-edificio-mais-alto-de-fortaleza\/\" >\n\t\t\t\tOne Residencial: funda\u00e7\u00e3o complexa e lajes protendidas marcam o edif\u00edcio mais alto de Fortaleza.\t\t\t<\/a>\n\t\t<\/h3>\n\t\t\t\t<div class=\"elementor-post__excerpt\">\n\t\t\t<p>Na bela cidade de Fortaleza, est\u00e1 sendo constru\u00eddo o incr\u00edvel One Residencial, um edif\u00edcio de luxo que se destaca n\u00e3o apenas por sua altura impressionante<\/p>\n\t\t<\/div>\n\t\t\t\t\t<a class=\"elementor-post__read-more\" href=\"https:\/\/www.sagaconstrucao.com.br\/blog\/one-residencial-fundacao-complexa-e-lajes-protendidas-marcam-o-edificio-mais-alto-de-fortaleza\/\" >\n\t\t\t\tLeia Mais \u00bb\t\t\t<\/a>\n\t\t\t\t<\/div>\n\t\t\t\t<div class=\"elementor-post__meta-data\">\n\t\t\t\t\t<span class=\"elementor-post-date\">\n\t\t\t1 de setembro de 2023\t\t<\/span>\n\t\t\t\t<\/div>\n\t\t\t\t\t<\/div>\n\t\t<\/article>\n\t\t\t\t<article class=\"elementor-post elementor-grid-item post-138 post type-post status-publish format-standard has-post-thumbnail hentry category-sem-categoria\">\n\t\t\t<div class=\"elementor-post__card\">\n\t\t\t\t<a class=\"elementor-post__thumbnail__link\" href=\"https:\/\/www.sagaconstrucao.com.br\/blog\/reforma-de-escritorio-saiba-como-dar-inicio-a-esse-projeto\/\" ><div class=\"elementor-post__thumbnail\"><img loading=\"lazy\" decoding=\"async\" width=\"300\" height=\"200\" src=\"https:\/\/www.sagaconstrucao.com.br\/blog\/wp-content\/uploads\/2023\/07\/AdobeStock_543774674-300x200.jpeg\" class=\"attachment-medium size-medium\" alt=\"\" srcset=\"https:\/\/www.sagaconstrucao.com.br\/blog\/wp-content\/uploads\/2023\/07\/AdobeStock_543774674-300x200.jpeg 300w, https:\/\/www.sagaconstrucao.com.br\/blog\/wp-content\/uploads\/2023\/07\/AdobeStock_543774674-1024x683.jpeg 1024w, https:\/\/www.sagaconstrucao.com.br\/blog\/wp-content\/uploads\/2023\/07\/AdobeStock_543774674-768x512.jpeg 768w, https:\/\/www.sagaconstrucao.com.br\/blog\/wp-content\/uploads\/2023\/07\/AdobeStock_543774674-1536x1024.jpeg 1536w, https:\/\/www.sagaconstrucao.com.br\/blog\/wp-content\/uploads\/2023\/07\/AdobeStock_543774674-2048x1366.jpeg 2048w\" sizes=\"auto, (max-width: 300px) 100vw, 300px\" \/><\/div><\/a>\n\t\t\t\t<div class=\"elementor-post__text\">\n\t\t\t\t<h3 class=\"elementor-post__title\">\n\t\t\t<a href=\"https:\/\/www.sagaconstrucao.com.br\/blog\/reforma-de-escritorio-saiba-como-dar-inicio-a-esse-projeto\/\" >\n\t\t\t\tReforma de escrit\u00f3rio: Saiba como dar in\u00edcio a esse projeto.\t\t\t<\/a>\n\t\t<\/h3>\n\t\t\t\t<div class=\"elementor-post__excerpt\">\n\t\t\t<p>Est\u00e1 pensando em reformar o seu escrit\u00f3rio, mas n\u00e3o sabe por onde come\u00e7ar? N\u00e3o se preocupe, n\u00f3s vamos te ajudar nesse processo! Realizar uma reforma<\/p>\n\t\t<\/div>\n\t\t\t\t\t<a class=\"elementor-post__read-more\" href=\"https:\/\/www.sagaconstrucao.com.br\/blog\/reforma-de-escritorio-saiba-como-dar-inicio-a-esse-projeto\/\" >\n\t\t\t\tLeia Mais \u00bb\t\t\t<\/a>\n\t\t\t\t<\/div>\n\t\t\t\t<div class=\"elementor-post__meta-data\">\n\t\t\t\t\t<span class=\"elementor-post-date\">\n\t\t\t20 de julho de 2023\t\t<\/span>\n\t\t\t\t<\/div>\n\t\t\t\t\t<\/div>\n\t\t<\/article>\n\t\t\t\t<article class=\"elementor-post elementor-grid-item post-134 post type-post status-publish format-standard has-post-thumbnail hentry category-sem-categoria tag-aconchegante tag-clean tag-construcao tag-construcaocivil tag-engenharia tag-estiloso tag-moderno tag-reformas\">\n\t\t\t<div class=\"elementor-post__card\">\n\t\t\t\t<a class=\"elementor-post__thumbnail__link\" href=\"https:\/\/www.sagaconstrucao.com.br\/blog\/conheca-alguns-estilos-de-reformas-para-escritorio\/\" ><div class=\"elementor-post__thumbnail\"><img loading=\"lazy\" decoding=\"async\" width=\"300\" height=\"200\" src=\"https:\/\/www.sagaconstrucao.com.br\/blog\/wp-content\/uploads\/2023\/05\/AdobeStock_339067151-300x200.jpeg\" class=\"attachment-medium size-medium\" alt=\"\" srcset=\"https:\/\/www.sagaconstrucao.com.br\/blog\/wp-content\/uploads\/2023\/05\/AdobeStock_339067151-300x200.jpeg 300w, https:\/\/www.sagaconstrucao.com.br\/blog\/wp-content\/uploads\/2023\/05\/AdobeStock_339067151-1024x683.jpeg 1024w, https:\/\/www.sagaconstrucao.com.br\/blog\/wp-content\/uploads\/2023\/05\/AdobeStock_339067151-768x512.jpeg 768w, https:\/\/www.sagaconstrucao.com.br\/blog\/wp-content\/uploads\/2023\/05\/AdobeStock_339067151-1536x1024.jpeg 1536w, https:\/\/www.sagaconstrucao.com.br\/blog\/wp-content\/uploads\/2023\/05\/AdobeStock_339067151-2048x1365.jpeg 2048w\" sizes=\"auto, (max-width: 300px) 100vw, 300px\" \/><\/div><\/a>\n\t\t\t\t<div class=\"elementor-post__text\">\n\t\t\t\t<h3 class=\"elementor-post__title\">\n\t\t\t<a href=\"https:\/\/www.sagaconstrucao.com.br\/blog\/conheca-alguns-estilos-de-reformas-para-escritorio\/\" >\n\t\t\t\tConhe\u00e7a alguns estilos de reformas para escrit\u00f3rio\t\t\t<\/a>\n\t\t<\/h3>\n\t\t\t\t<div class=\"elementor-post__excerpt\">\n\t\t\t<p>A reforma de um escrit\u00f3rio \u00e9 o sonho de muitos empres\u00e1rios\/empreendedores. No entanto, algumas d\u00favidas permeiam a cabe\u00e7a na hora de escolher o estilo de<\/p>\n\t\t<\/div>\n\t\t\t\t\t<a class=\"elementor-post__read-more\" href=\"https:\/\/www.sagaconstrucao.com.br\/blog\/conheca-alguns-estilos-de-reformas-para-escritorio\/\" >\n\t\t\t\tLeia Mais \u00bb\t\t\t<\/a>\n\t\t\t\t<\/div>\n\t\t\t\t<div class=\"elementor-post__meta-data\">\n\t\t\t\t\t<span class=\"elementor-post-date\">\n\t\t\t18 de maio de 2023\t\t<\/span>\n\t\t\t\t<\/div>\n\t\t\t\t\t<\/div>\n\t\t<\/article>\n\t\t\t\t<\/div>\n\n\n\t\t\n\t\t\t\t<div class=\"e-load-more-anchor\" data-page=\"1\" data-max-page=\"3\" data-next-page=\"https:\/\/www.sagaconstrucao.com.br\/blog\/wp-json\/wp\/v2\/pages\/9\/page\/2\/\"><\/div>\n\t\t\t\t<nav class=\"elementor-pagination\" role=\"navigation\" aria-label=\"Pagination\">\n\t\t\t<span class=\"page-numbers prev\">&laquo; Anterior<\/span>\n<span aria-current=\"page\" class=\"page-numbers current\"><span class=\"elementor-screen-only\">Page<\/span>1<\/span>\n<a class=\"page-numbers\" href=\"https:\/\/www.sagaconstrucao.com.br\/blog\/wp-json\/wp\/v2\/pages\/9\/page\/2\/\"><span class=\"elementor-screen-only\">Page<\/span>2<\/a>\n<a class=\"page-numbers\" href=\"https:\/\/www.sagaconstrucao.com.br\/blog\/wp-json\/wp\/v2\/pages\/9\/page\/3\/\"><span class=\"elementor-screen-only\">Page<\/span>3<\/a>\n<a class=\"page-numbers next\" href=\"https:\/\/www.sagaconstrucao.com.br\/blog\/wp-json\/wp\/v2\/pages\/9\/page\/2\/\">Pr\u00f3ximo &raquo;<\/a>\t\t<\/nav>\n\t\t\t\t<\/div>\n\t\t\t\t<\/div>\n\t\t\t\t\t<\/div>\n\t\t<\/div>\n\t\t\t\t\t\t\t<\/div>\n\t\t<\/section>\n\t\t\t\t\t\t<\/div>\n\t\t\t\t\t<\/div>\n\t\t","protected":false},"excerpt":{"rendered":"","protected":false},"author":1,"featured_media":0,"parent":0,"menu_order":0,"comment_status":"closed","ping_status":"closed","template":"elementor_header_footer","meta":{"footnotes":""},"class_list":["post-9","page","type-page","status-publish","hentry"],"_links":{"self":[{"href":"https:\/\/www.sagaconstrucao.com.br\/blog\/wp-json\/wp\/v2\/pages\/9","targetHints":{"allow":["GET"]}}],"collection":[{"href":"https:\/\/www.sagaconstrucao.com.br\/blog\/wp-json\/wp\/v2\/pages"}],"about":[{"href":"https:\/\/www.sagaconstrucao.com.br\/blog\/wp-json\/wp\/v2\/types\/page"}],"author":[{"embeddable":true,"href":"https:\/\/www.sagaconstrucao.com.br\/blog\/wp-json\/wp\/v2\/users\/1"}],"replies":[{"embeddable":true,"href":"https:\/\/www.sagaconstrucao.com.br\/blog\/wp-json\/wp\/v2\/comments?post=9"}],"version-history":[{"count":7,"href":"https:\/\/www.sagaconstrucao.com.br\/blog\/wp-json\/wp\/v2\/pages\/9\/revisions"}],"predecessor-version":[{"id":48,"href":"https:\/\/www.sagaconstrucao.com.br\/blog\/wp-json\/wp\/v2\/pages\/9\/revisions\/48"}],"wp:attachment":[{"href":"https:\/\/www.sagaconstrucao.com.br\/blog\/wp-json\/wp\/v2\/media?parent=9"}],"curies":[{"name":"wp","href":"https:\/\/api.w.org\/{rel}","templated":true}]}}